1) + 1?
3
Let y(i) = i**2 - 4*i - 3. Let b be y(5). Let p(r) = -6*r**2 + 4 - r**b + 0*r**3 + 2 - r**3. What is the units digit of p(-7)?
6
Suppose -6 = 4*a - 0*q + 2*q, 3*a + 11 = 5*q. Let g be (4/(-5))/(a/60). What is the units digit of 4/8*g/2?
6
Let g(y) = -6*y - 37. What is the units digit of g(-16)?
9
Let d(w) = 9*w**2 - w + 2. Let n be d(2). Suppose z + n = 5*z. What is the units digit of z?
9
Let u = 16 - 11. Let q = -5 + u. Suppose -k + 1 + 10 = q. What is the tens digit of k?
1
Suppose -s - 24 = -f - 4*s, -5*s = -4*f + 96. Suppose -3*r + f = -27. What is the tens digit of r?
1
Let l = 11 - 7. Let h = -34 - -24. What is the units digit of (6/l)/((-5)/h)?
3
Suppose 0 = 4*z + 16, 9*q = 4*q - 3*z - 2. Suppose g = -5*u + 85 - 16, 3*u + q*g = 40. What is the tens digit of u?
1
Suppose 5*h - 9 - 11 = 0. Let r be 41/(-2) - h/(-8). What is the units digit of (6/5)/((-4)/r)?
6
Suppose -7*z + 2*z + 182 = -3*c, -5*z - 3*c = -188. What is the tens digit of z?
3
Let v(i) = -i + 13. What is the units digit of v(6)?
7
Suppose -3*a = a + 4. What is the units digit of (-58)/(-4) + a/(-2)?
5
Let s(v) be the first derivative of -v**4/4 - 4*v**3/3 + v**2 - 3*v + 1. Let m be s(-5). Suppose -m = 5*f - 42. What is the units digit of f?
6
Let u(y) = y**3 - 2*y**2 + y - 1. What is the tens digit of u(3)?
1
Suppose 4*o = -0*o - 16. What is the units digit of (2/o)/(1/(-18))?
9
Suppose 2*f - 12 - 2 = -4*s, -4*f = 2*s - 10. Suppose s*q = -0*q + 90. What is the units digit of q?
0
Suppose -724 = 4*r - 1884. What is the hundreds digit of r?
2
Let s(b) = -b**3 + 4*b**2 - 2*b + 1. Let y be s(3). Let a(g) = 4*g - 8. Let u be a(4). Let j = u + y. What is the tens digit of j?
1
Let r be 36/27*18/4. Let f = -6 + r. Suppose -w - 3 + 21 = f. What is the units digit of w?
8
Let x = -10 + 16. Suppose -4*m + 22 = x. What is the units digit of m?
4
Suppose -2*n = t - 15, -5*t + 4*t = 3*n - 23. What is the units digit of n?
8
Suppose -100 = -2*g - 22. What is the units digit of g?
9
Let p = -2 + 15. Let t = p - 8. What is the units digit of t?
5
Let s = -3 - -9. Suppose s*q = 3*f + 4*q - 20, q = 3*f - 22. What is the units digit of f?
8
Suppose 0 = 2*g - 2*r - 52, 4*r - 135 = -4*g + 1. What is the units digit of g?
0
Suppose -2*w = -4*w + 82. Suppose 2*o - w = -3. What is the units digit of o?
9
Let n(u) = u**3 + 5*u**2 - 10*u - 20. What is the units digit of n(-6)?
4
Let a(h) = h**2 + 6*h. What is the units digit of a(-9)?
7
Let q(n) = -n**3 - 9*n**2 + 4. What is the units digit of q(-9)?
4
Let n be (1/(-2))/(2/(-12)). Suppose 0 = -x + 5*a + 14, -n*x - 5*a + 1 = -1. What is the units digit of (x/6)/((-6)/(-9))?
1
Suppose -4*j = j - 20. Let p = 6 - j. Suppose u - 4 = p. What is the units digit of u?
6
Let r(h) = -h**2 - 2*h + 6. What is the units digit of r(0)?
6
Suppose 3*q + 3 = 9. Suppose -5*r + q + 3 = 0. What is the units digit of r?
1
Suppose -3*z = 2*g - 23, -2*z - 4 = 3*g - 26. Suppose -11 + 71 = g*c. What is the units digit of c?
5
Let g(a) = -3*a + 4. What is the units digit of g(-6)?
2
Let w(t) = -t**3 + 5*t**2 - 3*t - 5. Let d be w(4). Let k(y) = y**3 + 3*y**2 - 7*y - 6. Let h be k(-4). Let f = h - d. What is the units digit of f?
7
Suppose 5*h - h = 3*f - 87, 4*f + 4*h - 116 = 0. What is the tens digit of f?
2
Suppose 3*z = v + 2*z - 153, 5*v = 2*z + 765. What is the tens digit of v?
5
Let k be 6/10 + 42/30. Suppose -3*b + 37 = -3*a + 4, -3*a - 5*b = 17. Let m = k - a. What is the tens digit of m?
1
Let y(u) = -10*u - 4. What is the tens digit of y(-6)?
5
Let k = 3 + 0. Suppose -r - 2*h = 3*r - 10, 30 = k*r - 3*h. Suppose -2*z + 6 = -4*p, z + 5*p = r*z - 24. What is the units digit of z?
1
What is the units digit of 2/(-14) - (-1 - (-729)/(-7))?
5
Let o(u) = 3*u**3 + 11*u**2 - 5*u + 2. Let f(l) = -7*l**3 - 23*l**2 + 10*l - 4. Let a = 7 + -3. Let h(t) = a*f(t) + 9*o(t). What is the units digit of h(6)?
8
Let m = -169 - -174. What is the units digit of m?
5
Let d = -3 + 5. Let q be 2 + 2 - (-3 + d). Suppose -4*u + q*m - 1 + 19 = 0, 5*m = -2*u + 24. What is the units digit of u?
7
Let c(d) = 2*d - 4*d - 10 - 6*d + d**2. What is the tens digit of c(11)?
2
Suppose -2*s = -s + 3. Let k be 0 - 3*4/s. Suppose k*q = -3 + 7. What is the units digit of q?
1
Let c = 128 + -86. What is the units digit of c + -4 + -2 + 2?
8
Suppose 0 = 5*v - 21 - 104. What is the tens digit of v?
2
Suppose -7*d + 5*d = -2*b + 524, 782 = 3*b - 4*d. What is the hundreds digit of b?
2
Let a = -35 - -82. What is the units digit of a?
7
Let q(w) = 3*w**3 - w**2 - w - 1. Let b be q(-1). Let d(z) = 2*z - 3 - z - 2*z. What is the units digit of d(b)?
1
Suppose 26 = -5*o + 4*n - 47, -3*o - 31 = 4*n. Let z = o - -27. What is the tens digit of z?
1
Suppose 5*z = 18 - 3. Suppose -z*s = 5*t - 13 - 30, 4*s = 3*t + 9. What is the units digit of s?
6
What is the units digit of (30/(-20))/((-3)/116)?
8
Suppose 5*w + 4*q = 437, 5*w - q - 299 - 148 = 0. What is the tens digit of w?
8
Suppose 0 = -5*o + 10 + 5. What is the units digit of o?
3
Let a = 3 - 6. What is the tens digit of 5*((-3)/a + 3)?
2
Suppose -2*a - 1 = -3. Let n be (-2)/(-3 - (a - 3)). Suppose h + 36 = 5*h + 3*k, 32 = 2*h - n*k. What is the tens digit of h?
1
Suppose 0 = -5*z + 13 + 2. Suppose -2*j + 38 = a, -2*j - 3*j - z*a + 97 = 0. Suppose j = 3*u - 3*w + w, 1 = -w. What is the units digit of u?
5
Let p = 22 - 8. What is the tens digit of p?
1
Let o(g) = 3*g + 43. What is the tens digit of o(5)?
5
Suppose 44 = 4*y - 3*y. What is the units digit of y?
4
Let a = 146 - 79. What is the units digit of a?
7
What is the tens digit of (-3)/9 + 840/9?
9
Suppose -j + y + 18 = -y, -2*y + 4 = 0. What is the tens digit of j?
2
Let b(l) = -3*l**2 - 5*l - 12. Let z(j) = 8*j**2 + 15*j + 35. Let k(x) = 11*b(x) + 4*z(x). What is the units digit of k(6)?
2
Let t be 176/24*3/2. Suppose -2 = -r + t. What is the tens digit of r?
1
Let i(f) = f. Suppose s = -2*s. Let a be i(s). Let u = 5 + a. What is the units digit of u?
5
Let g(a) = a**3 - 4*a**2 + 1. Let d be g(4). Let j be 3 - (-2 - d/(-1)). Suppose 0*y = -j*y + 68. What is the tens digit of y?
1
Let x be (38 + 0)*(-9 - -11). Suppose w = -w + x. What is the tens digit of w?
3
Let p(f) = f**3 + 9*f**2 - 11*f - 8. Let n be p(-10). Suppose h - n = 0, -30 = -6*t + t - 5*h. Let x = 6 + t. What is the units digit of x?
0
Let i = -81 + 170. What is the tens digit of i?
8
Suppose -5*r = a + 27, 0*a + a - 33 = 5*r. Let z = r - -6. Let m = 6 + z. What is the units digit of m?
6
Let x(c) = 2*c + 5. What is the units digit of x(4)?
3
Let h(d) = d**2 - d + 2. Let g be h(-2). Suppose -3*l - a - 14 = -5, -2*l - 6 = 3*a. What is the units digit of g/6 + 1/l?
1
Let i = -1 + 4. Suppose -i*g = g + 4. Let x = 5 + g. What is the units digit of x?
4
Suppose -2*s - 25 = -3*l, 0 = -3*l - 0*l + s + 20. Suppose l*c - 4*c = 10. What is the tens digit of c?
1
Let a(i) = i**2 - i - 1. Let q be a(-2). Let b = q - 6. Let g = b - -3. What is the units digit of g?
2
Suppose -i - 3*i + 24 = 0. Suppose -3*s + 5*s + w - i = 0, 5*s + 3*w = 14. What is the units digit of s?
4
Let v(x) be the second derivative of -x**2 - 3*x + 0 - 7/6*x**3 + 1/12*x**4. What is the units digit of v(8)?
6
Suppose 4*r = 2*r + 88. What is the tens digit of r?
4
Let a = 8 + 12. What is the tens digit of a?
2
What is the tens digit of 91 + (8 + -4 - 6)?
8
Suppose 0 = -4*h + 2*x - 52, -3*h + 2*x = 2*h + 64. Let d = 24 + h. What is the units digit of -4*((-9)/d + -1)?
7
Let f be 45/2 + (-1)/2. Let j be -6 - 11 - (-1 - 3). Let y = f + j. What is the units digit of y?
9
Let x be 1/(-3) - 13/(-3). Let h(q) = -5 - 3*q + 7*q + 0*q. What is the units digit of h(x)?
1
Let u(g) = -g**2 - 6*g - 3. Suppose 0 = -4*a - 11 - 9. Let t be u(a). What is the tens digit of (-42)/(-9)*3 - t?
1
Suppose 4*s - 48 = -2*s. What is the units digit of s?
8
What is the hundreds digit of (-4)/(-3) - (794/(-3) - 6)?
2
Suppose -y = 3*d + 1, -4*d + 6 = 5*y - 0. Let w(c) = -18*c - 4 + c - y + 5. What is the tens digit of w(-1)?
1
Let w(p) be the third derivative of -p**6/120 - p**5/10 + 5*p**4/24 - 5*p**3/3 - 3*p**2. Let u = -5 + -2. What is the units digit of w(u)?
4
What is the units digit of ((-6)/12)/((-1)/64)?
2
Let q(o) be the second derivative of o**4 + o**3/6 + o**2/2 - 3*o. What is the units di